lse
Does 15 divide 300383430?
True
Is 9 a factor of 16330518?
True
Does 146 divide 1689395334?
False
Is 10773248 a multiple of 364?
False
Does 48 divide 188598480?
True
Is 17120950 a multiple of 110?
True
Is 1134135841 a multiple of 347?
True
Does 900 divide 24378300?
True
Is 371495643 a multiple of 835?
False
Is 3890316292 a multiple of 14287?
False
Is 313 a factor of 3471796?
True
Does 10 divide 1564545800?
True
Does 3203 divide 118482005?
False
Is 161 a factor of 215179398?
True
Is 8 a factor of 2409710784?
True
Is 1055 a factor of 741307355?
True
Is 427934538 a multiple of 18?
True
Is 15932862 a multiple of 27?
True
Is 9 a factor of 23568815?
False
Does 30 divide 116713943?
False
Does 88 divide 14910689?
False
Is 3 a factor of 1561275?
True
Is 747170308 a multiple of 1545?
False
Does 1504 divide 359425649?
False
Is 1118201929 a multiple of 8?
False
Is 171 a factor of 355876308?
True
Is 254793389 a multiple of 707?
False
Is 20596224 a multiple of 384?
True
Is 3 a factor of 542527774?
False
Is 96188268 a multiple of 66?
True
Is 2685149 a multiple of 27?
False
Does 2 divide 722921?
False
Is 156 a factor of 32938348?
False
Is 3229 a factor of 708016372?
True
Does 235 divide 29882130?
True
Is 1614936827 a multiple of 7?
True
Is 475 a factor of 89798750?
True
Does 815 divide 76552135?
True
Is 289 a factor of 33589767?
False
Is 46 a factor of 676414163?
False
Does 354 divide 27264726?
True
Is 26809954 a multiple of 118?
True
Is 277787391 a multiple of 19?
True
Does 1124 divide 26527140?
False
Does 394 divide 10041090?
True
Is 55120556 a multiple of 3956?
False
Does 9 divide 1245569403?
False
Is 75 a factor of 89721825?
True
Does 2359 divide 274451898?
False
Is 40 a factor of 203440?
True
Is 93763695 a multiple of 80?
False
Is 54192573 a multiple of 173?
False
Is 711 a factor of 1509010?
False
Is 29038261 a multiple of 865?
False
Is 10314 a factor of 606228551?
False
Is 12 a factor of 3654510190?
False
Is 5479 a factor of 1138775413?
False
Is 225794314 a multiple of 654?
False
Is 4816527 a multiple of 90?
False
Does 2710 divide 23019110?
False
Does 7 divide 39954725?
False
Is 90 a factor of 16015410?
True
Does 2 divide 3271423?
False
Is 4 a factor of 430371803?
False
Is 3371578 a multiple of 73?
True
Does 9021 divide 1052165495?
False
Does 219 divide 15493374?
True
Does 2193 divide 852484890?
True
Is 465751530 a multiple of 90?
True
Is 50 a factor of 32094100?
True
Is 40568382 a multiple of 103?
False
Is 58083118 a multiple of 17?
True
Is 178 a factor of 16847364?
False
Is 33548130 a multiple of 55?
True
Is 17 a factor of 1084270591?
True
Is 186391357 a multiple of 3642?
False
Does 1038 divide 730441105?
False
Is 18350437 a multiple of 9?
False
Does 12 divide 489745503?
False
Is 1211897330 a multiple of 15?
False
Is 28941948 a multiple of 64?
False
Is 1169 a factor of 71358098?
True
Does 3235 divide 106298976?
False
Does 51 divide 139539759?
False
Is 575 a factor of 212264421?
False
Is 10 a factor of 283031143?
False
Is 6238238 a multiple of 10?
False
Does 394 divide 76977750?
True
Is 123661343 a multiple of 291?
False
Is 506852598 a multiple of 1493?
True
Is 1357273 a multiple of 7?
False
Does 1087 divide 37827600?
True
Is 11 a factor of 683422333?
True
Is 4787 a factor of 101144523?
True
Is 20 a factor of 1993832?
False
Does 312 divide 30946028?
False
Is 5399239 a multiple of 2?
False
Is 7 a factor of 2424067900?
False
Does 25 divide 9081751?
False
Is 84803342 a multiple of 8?
False
Does 6 divide 12142361?
False
Is 18 a factor of 17033724?
True
Does 20 divide 371321105?
False
Does 21 divide 14939043?
True
Does 167 divide 73414045?
False
Is 24 a factor of 484663936?
False
Does 34 divide 225248922?
False
Is 122020608 a multiple of 6?
True
Does 38 divide 43716758?
True
Does 229 divide 9707419?
False
Is 2267278244 a multiple of 3618?
False
Does 44 divide 9946728?
True
Is 604750586 a multiple of 11?
True
Is 301238730 a multiple of 39?
True
Is 37 a factor of 201738208?
True
Is 1374804 a multiple of 1090?
False
Is 306006450 a multiple of 354?
True
Is 1590208214 a multiple of 3799?
True
Is 25 a factor of 29868200?
True
Does 37 divide 90908630?
True
Does 748 divide 32134915?
False
Does 7 divide 56091210?
True
Is 94 a factor of 1040977338?
True
Is 231 a factor of 2946821?
False
Is 4883 a factor of 716416964?
False
Is 86160768 a multiple of 236?
True
Is 187 a factor of 27216354?
True
Is 19 a factor of 1067095885?
False
Is 10 a factor of 40131490?
True
Is 4 a factor of 947528629?
False
Is 5 a factor of 3689473?
False
Does 147 divide 18762418?
False
Does 1689 divide 20968935?
True
Is 156 a factor of 31611988?
False
Is 3876704 a multiple of 8?
True
Does 430 divide 11739430?
True
Is 2243814534 a multiple of 78?
True
Does 126 divide 551507040?
True
Is 92 a factor of 143108760?
True
Is 43 a factor of 19134957?
True
Does 4322 divide 213428724?
False
Does 1047 divide 9630375?
False
Is 8 a factor of 34626505?
False
Is 36 a factor of 111116145?
False
Is 176 a factor of 104497469?
False
Does 3554 divide 987621060?
True
Is 2635 a factor of 138390200?
True
Is 874 a factor of 83815770?
False
Is 36337740 a multiple of 51?
False
Is 50800384 a multiple of 128?
True
Is 320072275 a multiple of 4841?
False
Does 59 divide 57834396?
True
Is 6192616 a multiple of 38?
False
Does 485 divide 244942945?
True
Does 31 divide 9897117?
False
Is 53 a factor of 149776781?
True
Is 35 a factor of 59993697?
False
Is 391 a factor of 75837187?
True
Is 5751802 a multiple of 203?
True
Does 111 divide 218801499?
False
Is 10 a factor of 56895030?
True
Does 81 divide 1552313566?
False
Is 947 a factor of 178500977?
True
Is 998 a factor of 7517934?
True
Is 1203 a factor of 80845209?
True
Is 23515108 a multiple of 519?
False
Does 23 divide 830550068?
False
Is 209 a factor of 420462856?
True
Is 30615312 a multiple of 86?
True
Does 42 divide 58571352?
True
Is 14 a factor of 1400580662?
False
Does 70 divide 15580853?
False
Is 395 a factor of 26282428?
False
Does 39 divide 1921936785?
False
Is 445 a factor of 27196175?
True
Does 244 divide 12139750?
False
Is 2218260189 a multiple of 102?
False
Is 79235349 a multiple of 1333?
False
Does 171 divide 89423394?
False
Is 14 a factor of 77531593?
False
Does 135 divide 9004905?
True
Does 2911 divide 505363062?
False
Does 373 divide 31910896?
True
Is 1090 a factor of 3189340?
True
Is 3535 a factor of 353500?
True
Does 75 divide 95784627?
False
Does 206 divide 23091982?
True
Is 1671728 a multiple of 1282?
True
Does 967 divide 3330075306?
True
Is 98840073 a multiple of 91?
False
Is 165 a factor of 304472520?
True
Does 62 divide 11238120?
True
Is 4132608 a multiple of 32?
True
Is 1350 a factor of 137253150?
True
Is 34472375 a multiple of 35?
True
Is 1233 a factor of 691556409?
True
Does 2740 divide 1525110330?
False
Is 2717 a factor of 137427271?
False
Is 1575 a factor of 19534191?
False
Is 545222348 a multiple of 72?
False
Does 2999 divide 1462078478?
True
Is 5136450912 a multiple of 27?
False
Does 5 divide 24730635?
True
Is 269 a factor of 9622668?
True
Does 9 divide 189764532?
True
Does 1672 divide 564024120?
True
Does 308 divide 77682220?
True
Does 32 divide 91857632?
True
Is 80 a factor of 12516516?
False
Is 88 a factor of 1895224164?
False
Does 1084 divide 5662476?
False
Is 230144096 a multiple of 884?
True
Does 3 divide 193632126?
True
Is 10674998 a multiple of 1304?
False
Is 958 a factor of 3891976925?
False
Is 113010432 a multiple of 1776?
True
Is 392220916 a multiple of 2065?
False
Is 476436350 a multiple of 65?
True
Is 40 a factor of 1077494810?
False
Does 1888 divide 802167776?
True
Does 27 divide 2142496?
False
Does 620 divide 47986140?
True
Does 14 divide 205768262?
True
Is 16 a factor of 34567616?
True
Is 14 a factor of 28944574?
False
Is 15 a factor of 185096985?
True
Is 72006560 a multiple of 80?
True
Is 2060 a factor of 155547168?
False
Is 26 a factor of 35066954?
True
Is 42254439 a multiple of 886?
False
Does 1759 divide 909285147?
True
Does 324 divide 9606432?
False
Is 10 a factor of 1404619370?
True
Is 3124053177 a multiple of 161?
True
Is 4410140 a multiple of 238?
True
Is 13493128 a multiple of 1177?
True
Is 3 a factor of 38205265?
False
Is 2112814808 a multiple of 884?
True
Is 33 a factor of 15088869?
False
Does 794 divide 811766332?
Fals